12
What is the greatest common divisor of 10290663 and 45?
9
What is the greatest common factor of 649706 and 6805168?
6698
Calculate the greatest common factor of 147 and 3565499.
7
Calculate the highest common divisor of 168 and 56308008.
24
What is the highest common factor of 10 and 286235820?
10
Calculate the highest common factor of 61 and 81254.
1
Calculate the greatest common factor of 40988457 and 1971.
27
Calculate the highest common factor of 1610 and 79448670.
1610
What is the greatest common factor of 207727 and 475?
19
Calculate the greatest common factor of 743222 and 829357.
2461
What is the greatest common divisor of 14043 and 103478?
31
Calculate the highest common factor of 251144 and 288.
8
Calculate the greatest common factor of 919768369 and 13.
13
What is the highest common factor of 52466470 and 48870?
1810
What is the greatest common divisor of 773233 and 434?
31
What is the highest common divisor of 821956 and 230212?
268
What is the highest common factor of 4903184 and 8008?
1144
What is the greatest common factor of 1316 and 19999?
7
What is the highest common factor of 315 and 23835?
105
Calculate the highest common divisor of 98770 and 1372784.
238
Calculate the highest common divisor of 8127 and 15267.
21
Calculate the greatest common factor of 4019346 and 24534.
846
What is the greatest common divisor of 20978 and 1974400?
1234
What is the highest common divisor of 8805 and 329213080?
2935
What is the greatest common divisor of 924952236 and 39?
39
Calculate the highest common divisor of 14375 and 6034625.
2875
Calculate the highest common divisor of 9639 and 410431.
119
Calculate the greatest common divisor of 16966 and 128078.
34
What is the greatest common divisor of 88454856 and 14340?
2868
Calculate the highest common factor of 484 and 204553404.
484
What is the highest common divisor of 12430245 and 123005?
1685
What is the highest common factor of 3150 and 77923650?
1050
Calculate the highest common factor of 719213 and 2957823.
4763
Calculate the highest common factor of 322593 and 11377.
367
What is the greatest common divisor of 3226955 and 2405?
185
Calculate the greatest common divisor of 45 and 7081620.
15
What is the greatest common divisor of 13262 and 8099941?
349
Calculate the highest common factor of 124 and 1007492.
4
What is the highest common factor of 3897121 and 1?
1
Calculate the greatest common divisor of 25542 and 71940.
66
What is the greatest common divisor of 10166 and 1255774?
26
Calculate the greatest common divisor of 1426459 and 17423.
131
Calculate the highest common factor of 26 and 62475023.
13
Calculate the highest common divisor of 2377819784 and 136.
136
What is the highest common factor of 4123074 and 48?
6
What is the highest common divisor of 222 and 90927537?
111
What is the highest common factor of 13769847 and 252?
63
What is the greatest common factor of 973927094 and 796?
398
Calculate the greatest common divisor of 255747258 and 5330.
1066
What is the highest common factor of 25307049 and 874102?
5987
Calculate the highest common factor of 117131040 and 207.
9
What is the highest common divisor of 62264 and 6958776?
344
What is the highest common factor of 27880 and 104108?
68
Calculate the highest common divisor of 5069943 and 9.
9
What is the highest common factor of 1648256 and 16748?
316
Calculate the greatest common factor of 5572 and 8456903.
1393
What is the greatest common divisor of 14324610 and 9735?
885
What is the highest common factor of 204 and 84336796?
68
Calculate the greatest common factor of 354008 and 4617.
19
What is the highest common factor of 2464 and 38533264?
1232
Calculate the greatest common divisor of 63457977 and 19617.
1509
Calculate the greatest common factor of 201 and 1528635351.
201
What is the greatest common factor of 12384 and 4721228?
172
Calculate the greatest common factor of 231 and 989043.
33
Calculate the highest common factor of 207 and 1092515157.
207
Calculate the greatest common divisor of 1725185 and 770.
385
What is the highest common divisor of 51450 and 14190?
30
Calculate the highest common factor of 412264 and 4524.
116
Calculate the greatest common divisor of 28922248 and 14402.
758
What is the greatest common factor of 970 and 388113005?
485
Calculate the highest common divisor of 18 and 1383759.
9
Calculate the greatest common factor of 1408 and 26080256.
128
Calculate the greatest common factor of 300861 and 570319.
1013
Calculate the greatest common factor of 992 and 3081679.
31
What is the greatest common divisor of 68176766 and 238?
238
Calculate the highest common divisor of 145482918 and 42.
42
What is the highest common factor of 61832101 and 61?
61
Calculate the greatest common divisor of 4 and 71611588.
4
Calculate the highest common factor of 10595595 and 195.
15
Calculate the greatest common divisor of 3557788 and 456.
76
Calculate the highest common divisor of 21 and 70781655.
21
What is the greatest common factor of 10520 and 772168?
2104
What is the greatest common factor of 43319467 and 3346?
239
What is the highest common divisor of 3857 and 90744?
19
What is the highest common divisor of 10502 and 4430242?
178
What is the highest common divisor of 62926088 and 15880?
3176
What is the greatest common divisor of 990738 and 594?
54
What is the greatest common factor of 2721 and 22152568?
907
Calculate the highest common divisor of 7095 and 1501995.
165
What is the greatest common factor of 5184 and 146538?
18
Calculate the highest common divisor of 191920 and 3984.
16
Calculate the greatest common divisor of 952940 and 27931.
1643
What is the greatest common factor of 108 and 28636?
4
What is the highest common factor of 31043 and 57572?
37
What is the highest common factor of 660697585 and 17330?
8665
Calculate the highest common factor of 671 and 537592.
11
Calculate the greatest common factor of 132 and 665832.
12
What is the highest common factor of 132 and 62783094?
66
Calculate the highest common factor of 70165 and 25.
5
Calculate the greatest common divisor of 1500885 and 90.
45
What is the greatest common factor of 50598960 and 8256?
2064
Calculate the highest common factor of 429459 and 22260.
159
Calculate the highest common factor of 56563019 and 38.
19
Calculate the greatest common factor of 12544 and 8546176.
128
Calculate the greatest common factor of 825 and 3031215.
165
What is the greatest common factor of 563945 and 29585?
305
What is the greatest common factor of 4700814 and 192666?
1182
Calculate the greatest common factor of 30 and 550716.
6
Calculate the greatest common divisor of 363670 and 340.
10
Calculate the highest common divisor of 1056 and 165507144.
264
Calculate the greatest common divisor of 210635 and 397139.
409
Calculate the greatest common factor of 97865299 and 5635.
1127
Calculate the highest common factor of 120 and 1736466.
6
What is the greatest common divisor of 5770 and 35230?
10
Calculate the highest common divisor of 556331273 and 1972.
493
What is the highest common divisor of 576519531 and 10058?
5029
Calculate the highest common divisor of 545 and 4349468965.
545
What is the greatest common factor of 14312581 and 94?
47
What is the highest common divisor of 676830825 and 171?
171
What is the greatest common factor of 549 and 3239222?
61
What is the highest common divisor of 88 and 163579768?
88
Calculate the highest common divisor of 1135925 and 525.
175
Calculate the highest common divisor of 10291 and 236734.
41
Calculate the highest common divisor of 4589347 and 3010.
301
What is the highest common factor of 660 and 44882277?
33
What is the greatest common divisor of 29 and 465238358?
29
What is the greatest common divisor of 4588 and 522736?
148
Calculate the greatest common factor of 11 and 47443781.
11
What is the highest common factor of 123 and 223239?
3
Calculate the highest common factor of 80565 and 1805835.
1965
Calculate the highest common divisor of 898192 and 10658.
146
What is the highest common factor of 87741 and 3501?
9
What is the greatest common divisor of 144 and 28938912?
48
What is the highest common factor of 1041282 and 25542?
594
Calculate the highest common factor of 5168317 and 1155.
77
Calculate the greatest com